{"id":32,"date":"2020-10-30T10:10:57","date_gmt":"2020-10-30T09:10:57","guid":{"rendered":"http:\/\/www.spirographes.net\/?page_id=32"},"modified":"2025-05-25T12:32:25","modified_gmt":"2025-05-25T10:32:25","slug":"accueil","status":"publish","type":"page","link":"http:\/\/www.spirographes.net\/index.php\/accueil\/","title":{"rendered":"Accueil"},"content":{"rendered":"<div class=\"art-postcontent clearfix\">\n<h2 style=\"text-align: center;\"><span style=\"color: #3232f5; font-size: 26px; text-shadow: rgba(23, 23, 23, 0.976563) 0px 0px 12px;\">Union Sportive Gazelec PARIS IDF,\u00a0 Section subaquatique<\/span><\/h2>\n<p><img loading=\"lazy\" decoding=\"async\" class=\"alignnone size-full wp-image-9 aligncenter\" src=\"http:\/\/www.spirographes.net\/wp-content\/uploads\/2020\/10\/logo-gazelec-new-150x150-11.gif\" alt=\"\" width=\"150\" height=\"150\" \/><\/p>\n<h3 style=\"text-align: center;\"><span style=\"color: #000000;\">Envie de d\u00e9couvrir un nouveau monde silencieux et magnifique\u00a0!<\/span><br \/>\n<span style=\"color: #000000;\"><br \/>\nPartager de nouvelles sensations, alors la plong\u00e9e vous attend.<\/span><\/h3>\n<h3 style=\"text-align: center;\"><span style=\"color: #000000;\">Notre club, g\u00e9r\u00e9 et anim\u00e9 par des<br \/>\nb\u00e9n\u00e9voles et des moniteurs passionn\u00e9s et attentifs, qui par un<br \/>\napprentissage graduel en toute confiance et en toute s\u00e9curit\u00e9, vous<br \/>\ndonneront les clefs pour plonger sereinement dans le monde du silence.<\/span><\/h3>\n<h3 style=\"text-align: center;\"><span style=\"color: #000000;\">Les sorties organis\u00e9es par le club au<br \/>\nlong de l\u2019ann\u00e9e (Sortie de printemps, Stage de fin de saison, Sortie<br \/>\nautomnale et d\u2019hiver) vous permettront de mettre en pratique les<br \/>\ncomp\u00e9tences acquises au cours de l\u2019ann\u00e9e.<\/span><\/h3>\n<h3 style=\"text-align: center;\"><span style=\"color: #000000;\">L\u2019aventure vous tente\u00a0?<\/span><br \/>\n<a title=\"Contactez-nous\" href=\"http:\/\/77.134.127.186\/wordpress\/?page_id=80\"><span style=\"text-decoration: underline; color: #3232f5;\">Rejoignez l\u2019US GAZELEC IDF Subaquatique<\/span><\/a> <span style=\"color: #000000;\">(associations loi 1901), club affili\u00e9 \u00e0 la F\u00e9d\u00e9ration Fran\u00e7aise d\u2019\u00c9tudes et de Sports Sous-Marins<\/span> <span style=\"color: #3366ff;\"><a style=\"color: #3366ff;\" href=\"http:\/\/www.ffessm.fr\/\">FFESSM<\/a><\/span><span style=\"color: #000000;\">.<\/span><\/h3>\n<p>&nbsp;<\/p>\n<p><img loading=\"lazy\" decoding=\"async\" class=\"wp-image-175 aligncenter\" src=\"http:\/\/www.spirographes.net\/wp-content\/uploads\/2023\/02\/glossy-facebook-3d-render-icon-free-png-1024x1024.webp\" alt=\"\" width=\"100\" height=\"100\" srcset=\"http:\/\/www.spirographes.net\/wp-content\/uploads\/2023\/02\/glossy-facebook-3d-render-icon-free-png-1024x1024.webp 1024w, http:\/\/www.spirographes.net\/wp-content\/uploads\/2023\/02\/glossy-facebook-3d-render-icon-free-png-300x300.webp 300w, http:\/\/www.spirographes.net\/wp-content\/uploads\/2023\/02\/glossy-facebook-3d-render-icon-free-png-150x150.webp 150w, http:\/\/www.spirographes.net\/wp-content\/uploads\/2023\/02\/glossy-facebook-3d-render-icon-free-png-768x768.webp 768w, http:\/\/www.spirographes.net\/wp-content\/uploads\/2023\/02\/glossy-facebook-3d-render-icon-free-png-1536x1536.webp 1536w, http:\/\/www.spirographes.net\/wp-content\/uploads\/2023\/02\/glossy-facebook-3d-render-icon-free-png.webp 1920w\" sizes=\"auto, (max-width: 100px) 100vw, 100px\" \/><\/p>\n<\/div>\n<div class=\"align wp-block-svp-video-player\" id='svpVideoPlayer-1' data-attributes='{&quot;align&quot;:&quot;&quot;,&quot;options&quot;:{&quot;controls&quot;:{&quot;play-large&quot;:true,&quot;restart&quot;:true,&quot;rewind&quot;:true,&quot;play&quot;:true,&quot;fast-forward&quot;:true,&quot;progress&quot;:true,&quot;current-time&quot;:true,&quot;mute&quot;:true,&quot;volume&quot;:true,&quot;captions&quot;:true,&quot;settings&quot;:true,&quot;pip&quot;:true,&quot;download&quot;:true,&quot;fullscreen&quot;:true},&quot;autoPlay&quot;:true,&quot;clickToPlay&quot;:true,&quot;muted&quot;:true,&quot;volume&quot;:0.5,&quot;seekTime&quot;:10,&quot;repeat&quot;:true,&quot;toolTip&quot;:true,&quot;isControl&quot;:true,&quot;shadowControl&quot;:true},&quot;videos&quot;:[{&quot;src&quot;:&quot;http:\\\/\\\/www.spirographes.net\\\/wp-content\\\/uploads\\\/2024\\\/10\\\/Presentation-Subaquatique.mp4&quot;,&quot;title&quot;:&quot;type your video title here&quot;,&quot;poster&quot;:&quot;&quot;,&quot;description&quot;:&quot;Don\\u2019t forget to like, comment, and subscribe for more fun episodes!&quot;,&quot;customDownloadButton&quot;:false,&quot;isCustomTitle&quot;:false,&quot;customDownloadUrl&quot;:&quot;&quot;,&quot;qualities&quot;:[],&quot;captions&quot;:[]}],&quot;videoSize&quot;:{&quot;width&quot;:{&quot;desktop&quot;:&quot;100%&quot;,&quot;tablet&quot;:&quot;100%&quot;,&quot;mobile&quot;:&quot;100%&quot;},&quot;height&quot;:{&quot;desktop&quot;:&quot;&quot;,&quot;tablet&quot;:&quot;&quot;,&quot;mobile&quot;:&quot;&quot;}},&quot;thumbnailSize&quot;:{&quot;width&quot;:{&quot;desktop&quot;:&quot;100%&quot;,&quot;tablet&quot;:&quot;100%&quot;,&quot;mobile&quot;:&quot;100%&quot;},&quot;height&quot;:{&quot;desktop&quot;:&quot;82px&quot;,&quot;tablet&quot;:&quot;&quot;,&quot;mobile&quot;:&quot;&quot;}},&quot;playlist&quot;:false,&quot;themes&quot;:{&quot;theme&quot;:&quot;default&quot;},&quot;tabStyles&quot;:{&quot;activeBg&quot;:&quot;#334155&quot;,&quot;activeTitleColor&quot;:&quot;#fff&quot;,&quot;activeDesColor&quot;:&quot;#fff&quot;,&quot;inactiveBg&quot;:&quot;#F0F5FA&quot;,&quot;inactiveTitleColor&quot;:&quot;#3D8D7A&quot;,&quot;inactiveDesColor&quot;:&quot;#585a5c&quot;,&quot;durationTimeColor&quot;:&quot;#fff&quot;,&quot;durationBg&quot;:&quot;#000&quot;},&quot;titleTypo&quot;:{&quot;fontSize&quot;:{&quot;desktop&quot;:15,&quot;tablet&quot;:13,&quot;mobile&quot;:12}},&quot;descriptionTypo&quot;:{&quot;fontSize&quot;:{&quot;desktop&quot;:14,&quot;tablet&quot;:12,&quot;mobile&quot;:10}},&quot;durationTypo&quot;:{&quot;fontSize&quot;:{&quot;desktop&quot;:14,&quot;tablet&quot;:12,&quot;mobile&quot;:10}},&quot;viewersTypo&quot;:{&quot;fontSize&quot;:{&quot;desktop&quot;:14,&quot;tablet&quot;:12,&quot;mobile&quot;:10}},&quot;alignment&quot;:&quot;center&quot;,&quot;textAlign&quot;:&quot;center&quot;,&quot;background&quot;:{&quot;color&quot;:&quot;#0000&quot;},&quot;scrollBg&quot;:&quot;#3D8D7A&quot;,&quot;content&quot;:&quot;Content of the block&quot;,&quot;typography&quot;:{&quot;fontSize&quot;:20},&quot;color&quot;:&quot;#333&quot;,&quot;colors&quot;:{&quot;color&quot;:&quot;#333&quot;,&quot;bg&quot;:&quot;#fff&quot;},&quot;img&quot;:{&quot;id&quot;:null,&quot;url&quot;:&quot;&quot;,&quot;alt&quot;:&quot;&quot;,&quot;title&quot;:&quot;&quot;},&quot;padding&quot;:{&quot;top&quot;:&quot;15px&quot;,&quot;right&quot;:&quot;30px&quot;,&quot;bottom&quot;:&quot;15px&quot;,&quot;left&quot;:&quot;30px&quot;},&quot;margin&quot;:{&quot;top&quot;:&quot;0px&quot;,&quot;right&quot;:&quot;0px&quot;,&quot;bottom&quot;:&quot;15px&quot;,&quot;left&quot;:&quot;0px&quot;},&quot;border&quot;:{&quot;width&quot;:&quot;0px&quot;,&quot;style&quot;:&quot;solid&quot;,&quot;color&quot;:&quot;#000000&quot;,&quot;radius&quot;:&quot;0px&quot;},&quot;shadow&quot;:[],&quot;layout&quot;:&quot;vertical&quot;,&quot;openPopupId&quot;:&quot;&quot;}'><\/div>\n","protected":false},"excerpt":{"rendered":"<p>Union Sportive Gazelec PARIS IDF,\u00a0 Section subaquatique Envie de d\u00e9couvrir un nouveau monde silencieux et magnifique\u00a0! Partager de nouvelles sensations, alors la plong\u00e9e vous attend. Notre club, g\u00e9r\u00e9 et anim\u00e9 par des b\u00e9n\u00e9voles et des moniteurs passionn\u00e9s et attentifs, qui par un apprentissage graduel en toute confiance et en toute s\u00e9curit\u00e9, vous donneront les clefs [&hellip;]<\/p>\n","protected":false},"author":1,"featured_media":0,"parent":0,"menu_order":0,"comment_status":"closed","ping_status":"closed","template":"","meta":{"footnotes":""},"class_list":["post-32","page","type-page","status-publish","hentry"],"_links":{"self":[{"href":"http:\/\/www.spirographes.net\/index.php\/wp-json\/wp\/v2\/pages\/32","targetHints":{"allow":["GET"]}}],"collection":[{"href":"http:\/\/www.spirographes.net\/index.php\/wp-json\/wp\/v2\/pages"}],"about":[{"href":"http:\/\/www.spirographes.net\/index.php\/wp-json\/wp\/v2\/types\/page"}],"author":[{"embeddable":true,"href":"http:\/\/www.spirographes.net\/index.php\/wp-json\/wp\/v2\/users\/1"}],"replies":[{"embeddable":true,"href":"http:\/\/www.spirographes.net\/index.php\/wp-json\/wp\/v2\/comments?post=32"}],"version-history":[{"count":19,"href":"http:\/\/www.spirographes.net\/index.php\/wp-json\/wp\/v2\/pages\/32\/revisions"}],"predecessor-version":[{"id":264,"href":"http:\/\/www.spirographes.net\/index.php\/wp-json\/wp\/v2\/pages\/32\/revisions\/264"}],"wp:attachment":[{"href":"http:\/\/www.spirographes.net\/index.php\/wp-json\/wp\/v2\/media?parent=32"}],"curies":[{"name":"wp","href":"https:\/\/api.w.org\/{rel}","templated":true}]}}